a = 2*u - 6. Suppose -3*i + 64 = 4*t + i, -i = u. Suppose -t*d = -22*d + 270. What is the tens digit of d?
5
Suppose 4*d - 5 = 3, 5*p = -2*d + 29. Suppose 12 = 3*r + g, -g - g = p*r - 21. Suppose -2*w + 73 = 3*s - 2*s, -r*s + 204 = w. What is the tens digit of s?
6
Let t(c) be the third derivative of -53*c**6/60 - c**5/60 - 25*c**4/24 - 4*c**3 + 79*c**2 - 2*c. What is the units digit of t(-1)?
6
Suppose -452768 = 667*s - 699*s. What is the thousands digit of s?
4
Suppose 11*t - 134*t = -2278666 - 3190037. What is the hundreds digit of t?
4
Suppose -5*c + 58 = 3*g, -3*g = c - 7*g - 30. Suppose 0 = -c*z - 10*z + 13128. What is the units digit of z?
7
What is the thousands digit of 4/(176/703932) + (-2)/55*-15?
5
Suppose 12179 = 4*x + 5*y + 762, 3*y + 9 = 0. What is the tens digit of x?
5
Suppose -104 = 7*s - 1812. Let y = s - 101. What is the units digit of y?
3
Suppose 0 = -400*q + 399*q - 30. Let c(b) = b**2 - 5*b - 121. What is the tens digit of c(q)?
2
What is the hundreds digit of 2/10 + (-54)/170 + (-34261596)/(-10404)?
2
Suppose 0*t + 3*t = 6. Let z(n) = -3*n + n**3 - 8*n**2 + 9*n**t - 7*n**2. What is the tens digit of z(7)?
2
Suppose 4*r - r - 5*j + 8 = 0, -r = -j. Suppose -13 + 33 = -5*y, -2*w = r*y - 1090. What is the hundreds digit of w?
5
Let j(m) = -123*m**2 + 5*m + 18. Let k be j(-11). Let u be (-2 - k/22) + 22/(-121). Suppose 4*x - u = 2*l, -3*x = -l - 268 - 239. What is the tens digit of x?
6
Let r(z) = 6*z**2 - z - 303 + 302 - 5*z. Let p be r(19). Suppose 0 = 5*o - p + 621. What is the units digit of o?
6
Let v = 54522 + -25780. What is the units digit of v?
2
Suppose 4*d - 18 = 2*r, d - 18 = -2*d - 3*r. Let a(n) = 19*n**2 + 100*n - 11. What is the units digit of a(d)?
4
Let u = 58 + -32. Suppose -u*b + 19*b = 819. Let k = b - -219. What is the units digit of k?
2
Let m(k) = -349*k - 1153. What is the units digit of m(-18)?
9
Let j(u) = u**2 + 106*u. Let h be j(0). Let p(o) = 2*o - 84. Let i(k) = -k**2 + 2*k - 84. Let s(a) = 3*i(a) - 4*p(a). What is the tens digit of s(h)?
8
Let o = 3188 + 1662. What is the thousands digit of o?
4
Let k(j) = -365*j + 4442. What is the thousands digit of k(-24)?
3
Suppose -76*s = -93937 - 51907. What is the tens digit of s?
1
Let s = -8509 - -19936. What is the units digit of s?
7
Let s = 21 + -16. Suppose 12 + 13 = s*h. Suppose 6*z + v = 2*z + 845, 1025 = h*z - 5*v. What is the hundreds digit of z?
2
Suppose 242726 = 19*q - 350701. What is the tens digit of q?
3
Let n(y) = -4*y**2 + 108*y + 21. Let o be 8/(-8) - -16 - 4. What is the units digit of n(o)?
5
Suppose 9*w - 132249 = 21885. What is the ten thousands digit of w?
1
Let i be (52/6 - 2)/((-20)/(-10170)). Let l = i - 1064. What is the units digit of l/8 + (-48)/64?
0
Let u(p) = -11*p + 32. Let x = -19 - -9. Let d be u(x). Let k = d - 71. What is the tens digit of k?
7
Suppose 1474 = 5*u - 4*z, 2*u + 3*z - 404 = 181. What is the tens digit of 2/(-7) + (-469)/u*-402?
4
Let s(k) = k**3 - 9*k**2 + k - 14. Let u be s(7). Let f = 159 + u. What is the tens digit of (-320)/(-6)*f/45?
6
Let r be ((-194)/8 + 0)/((-5)/60). Suppose -747 = -3*j - r. Suppose 0 = -x + 68 + j. What is the hundreds digit of x?
2
Suppose 12*v = 22395 + 71121. What is the units digit of v?
3
Suppose 0*r + 65 = 13*r, 3*n - 3*r = 12033. What is the thousands digit of n?
4
Let d = 24592 + 2857. What is the ten thousands digit of d?
2
Let a = -16646 - -32729. What is the ten thousands digit of a?
1
Suppose 0*b + 22 = 11*b. Let l(j) = -3*j + j - 1 - 5*j + 3*j - b*j**2 - j**3. What is the tens digit of l(-3)?
2
Let l(q) = -12*q + 3. Let r be l(-2). Suppose r*m = 32*m. Suppose -12 = -4*y - m*y, 181 = 2*f + y. What is the tens digit of f?
8
Let y be 212/44 + (-4 - 92/(-22)). Suppose -v - 2*v - 1330 = -4*x, y*x - 5*v = 1660. What is the tens digit of x?
3
Let n = -91 - -94. Suppose -2*c = -n*j + 679, 0 = -0*j + 3*j - 3*c - 675. What is the hundreds digit of j?
2
Suppose 3*d - 5*d + 5*j = -196, -j = 4. Let u = d - 88. Suppose u = 13*m - 5*m - 1552. What is the tens digit of m?
9
Let l be 1 + 5 + (-45)/9. What is the tens digit of (l - -17)*(693/18 + 6)?
0
Let z be (-130 - 0)/(2/4). Let p be ((z/15)/4)/((-1)/(-3)). What is the units digit of 3 - (p*7 + -4)?
8
Suppose -24*l + 63 = -21*l. What is the tens digit of (510 - 0) + (l - 18)?
1
Suppose -284*x + 288*x = 148712. What is the thousands digit of x?
7
Let j = -50315 - -80716. What is the tens digit of j?
0
Let p(q) = -q**3 - 11*q**2 - 140*q - 4. What is the units digit of p(-23)?
4
Let w be (-7)/(-2) - (15/(-6) - -2). Suppose 3*n + r + 222 = 4*n, w*n - 2*r - 898 = 0. Suppose 3*a - n = 28. What is the tens digit of a?
8
Let h = 15091 + -8352. What is the units digit of h?
9
Let f = -13773 + 34847. What is the thousands digit of f?
1
Suppose -6310417 = -223*k - 58*k. What is the units digit of k?
7
Let b(p) be the first derivative of 20 + 2/3*p**3 - 1/4*p**4 + p**2 + p. What is the tens digit of b(-3)?
4
Let d = -875 - -2371. Suppose 4*v = 5*l - 1993, 3*l + 296 = v + d. What is the hundreds digit of l?
4
Let k be (-3)/9 + (-23402)/(-6). Suppose 11*x - x - k = 0. Suppose -102 - x = -2*d. What is the hundreds digit of d?
2
Suppose 4*j + 3*r = 3*j - 3, -r = j - 1. Suppose l - 230 = -4*l + 3*a, 4*a - 109 = -j*l. What is the tens digit of l?
4
Let u(m) = -12*m**3 + 7*m**2 + 7*m - 10. Let r(j) = -12*j**3 + 8*j**2 + 7*j - 13. Let o(g) = -3*r(g) + 2*u(g). What is the hundreds digit of o(5)?
2
Suppose -2*h - 3*g - 60 = g, 4*h + 120 = -g. Let y = 36 - h. Suppose -122 = -2*d + y. What is the tens digit of d?
9
Let u(t) = 6864*t - 141. What is the hundreds digit of u(1)?
7
Let n(u) be the second derivative of u**4/6 - 8*u**3 + 67*u**2/2 - 8*u - 5. What is the units digit of n(24)?
7
Let a(o) = 24*o**2 - 7*o - 8. Let f be a(-9). Suppose -f - 7309 = -13*z. What is the hundreds digit of z?
7
Suppose -4*n + 1389 + 35453 = -5*c, c - 18442 = -2*n. What is the tens digit of n?
1
Suppose -5*n - 150 = -3*n. Let w = n - -116. Let t = -35 + w. What is the units digit of t?
6
Let b = -8 + 29. Let i be (-14)/b + 2/((-6)/(-17)). Suppose -3*g + 66 = 3*h, h + 128 = i*g - 3*h. What is the units digit of g?
4
Suppose 2*q + 2 = 0, z - 5*q - 932 - 391 = 0. What is the tens digit of z?
1
What is the units digit of (-3)/(63/(-41230)) - (-7)/(-21)?
3
What is the units digit of (-2703)/(-477)*13233/1?
7
Let z(t) = -t**3 + 5*t**2 - 5*t + 8. Let s be z(4). Suppose 0 = -x - 2*h + 4*h, 0 = s*x + 5*h. Suppose c - 11 - 52 = x. What is the units digit of c?
3
Suppose -82*x + 3131455 - 837085 = 29*x. What is the hundreds digit of x?
6
Let r = 42 + -39. Let u be ((-10)/(-15))/(r/18). Suppose 0 = b - u*f - 65, 0 = 8*f - 3*f. What is the units digit of b?
5
Suppose 19*a - 32 = 23*a, -40228 = -4*i + 6*a. What is the units digit of i?
5
What is the ten thousands digit of 12*(-6)/(-24) - (10 - 16428)?
1
Let d(p) be the third derivative of p**6/120 + 3*p**5/20 - p**4/24 - 11*p**3/6 - p**2. Let k be (-2)/(-6)*(-7 + -11 + -3). What is the units digit of d(k)?
4
Let u(q) = 50*q**2 - 10*q + 34. Let a be u(9). Suppose 18*l - a = 2378. Let t = 530 - l. What is the units digit of t?
6
Let p be (-13)/4 - (-12)/(-16). Let x be p/(-7) - (-1950)/42. What is the units digit of 3*28/(-21)*x/(-2)?
4
Let v be (-25 - -27) + 8/(-2). Let x(b) = b**2 + b + 1. What is the units digit of x(v)?
3
Let i(m) = -33*m**2 - 3*m + 3. Let p be i(1). Let l = -33 - p. Let c(g) = 2*g**2 + 2*g + 49. What is the tens digit of c(l)?
4
Suppose 5*s - s + w = -1, 0 = -s + 3*w - 10. What is the tens digit of (-8)/(-40)*s + (-892)/(-10)?
8
Suppose 6*s - 12*s = -12. Suppose 3*z - 4695 = -s*z. What is the hundreds digit of z?
9
Let c(t) = -24364*t**2 - 49 + 24378*t**2 - 7. What is the tens digit of c(10)?
4
Let l be 2 - 19/(-2)*6. Suppose -6*n = -2*n - 3*i + l, 2*n + 3*i + 25 = 0. Let o(c) = c**3 + 15*c**2 + 13*c + 25. What is the tens digit of o(n)?
3
Suppose 1751386 = -376*w + 402*w. What is the hundreds digit of w?
3
What is the hundreds digit of (-342942)/(-122)*(2 - 4 - 38/(-6))?
1
Let s be (22/8*1)/((-4)/(-128)). Suppose -2340 = s*i - 91*i. What is the tens digit of i?
8
Let r(j) = -24*j**2 + 760*j + 2. What is the tens digit of r(16)?
1
Let p = -7131 - -18848. What is the tens digit of p?
1
Let b(s) = -215*s**3 - s*